{"id":533,"date":"2024-01-04T11:07:54","date_gmt":"2024-01-04T11:07:54","guid":{"rendered":"https:\/\/suphaircoiff.fr\/?page_id=533"},"modified":"2024-01-23T09:43:39","modified_gmt":"2024-01-23T09:43:39","slug":"privacy-policy-2","status":"publish","type":"page","link":"https:\/\/suphaircoiff.fr\/index.php\/privacy-policy-2\/","title":{"rendered":"Privacy Policy"},"content":{"rendered":"<p><strong>Politique de confidentialit\u00e9<\/strong><\/p>\n<p>Date d&#8217;entr\u00e9e en vigueur \u2013 1er janvier 2024<\/p>\n<p>Bienvenue sur https:\/\/ (le \u00ab Site \u00bb). Nous comprenons que la confidentialit\u00e9 en ligne est importante pour les utilisateurs de notre Site, en particulier lorsqu&#8217;ils font des affaires. Cette d\u00e9claration r\u00e9git nos politiques de confidentialit\u00e9 \u00e0 l&#8217;\u00e9gard des utilisateurs du Site (\u00ab\u00a0Visiteurs\u00a0\u00bb) qui visitent sans effectuer de transactions commerciales et des Visiteurs qui s&#8217;inscrivent pour effectuer des transactions commerciales sur le Site et utilisent les diff\u00e9rents services offerts par Sup&#8217;hair Coiff (collectivement, \u00ab Services \u00bb) (\u00ab Clients autoris\u00e9s \u00bb). Votre acc\u00e8s \u00e0 nos services est soumis \u00e0 votre acceptation, sans modification, de tous les termes et conditions contenus dans les pr\u00e9sentes et de toutes les autres r\u00e8gles et politiques de fonctionnement publi\u00e9es et qui peuvent \u00eatre publi\u00e9es de temps \u00e0 autre par nous.<\/p>\n<p>Veuillez lire attentivement l&#8217;accord avant d&#8217;acc\u00e9der ou d&#8217;utiliser nos services. En acc\u00e9dant ou en utilisant une partie de nos services, vous acceptez d&#8217;\u00eatre li\u00e9 par ces conditions. Si vous n&#8217;acceptez pas une partie des termes de l&#8217;accord, vous ne pouvez pas acc\u00e9der ou utiliser nos services.<\/p>\n<p>\u00a0<\/p>\n<p><strong>\u00ab\u00a0Informations personnelles identifiables\u00a0\u00bb<\/strong><\/p>\n<p>D\u00e9signe toute information qui identifie ou peut \u00eatre utilis\u00e9e pour identifier, contacter ou localiser la personne \u00e0 laquelle ces informations se rapportent, y compris, mais sans s&#8217;y limiter, le nom, l&#8217;adresse, le num\u00e9ro de t\u00e9l\u00e9phone, le num\u00e9ro de fax, l&#8217;adresse e-mail, les profils financiers, les informations de s\u00e9curit\u00e9 sociale. num\u00e9ro et informations de carte de cr\u00e9dit. Personnellement, les informations identifiables n&#8217;incluent pas les informations collect\u00e9es de mani\u00e8re anonyme (c&#8217;est-\u00e0-dire sans identification de l&#8217;utilisateur individuel) ou les informations d\u00e9mographiques non li\u00e9es \u00e0 une personne identifi\u00e9e.<\/p>\n<p><strong>Quelles informations personnelles identifiables sont collect\u00e9es\u00a0?<\/strong><\/p>\n<p>Nous pouvons collecter des informations de base sur le profil utilisateur de tous nos visiteurs. Nous collectons les informations suppl\u00e9mentaires suivantes aupr\u00e8s de nos clients autoris\u00e9s\u00a0: les noms, adresses, num\u00e9ros de t\u00e9l\u00e9phone et adresses e-mail des clients autoris\u00e9s, la nature et la taille de l&#8217;entreprise, ainsi que la nature et la taille de l&#8217;inventaire publicitaire que le client autoris\u00e9 a l&#8217;intention d&#8217;acheter. ou vendre.<\/p>\n<p>\u00a0<\/p>\n<p><strong>Quelles organisations collectent les informations ?<\/strong><\/p>\n<p>En plus de notre collecte directe d&#8217;informations, nos fournisseurs de services tiers (tels que les soci\u00e9t\u00e9s de cartes de cr\u00e9dit, les centres d&#8217;\u00e9change et les banques) qui peuvent fournir des services tels que des services de cr\u00e9dit, d&#8217;assurance et de d\u00e9p\u00f4t fiduciaire peuvent collecter ces informations aupr\u00e8s de nos visiteurs et clients autoris\u00e9s. . Nous ne contr\u00f4lons pas la mani\u00e8re dont ces tiers utilisent ces informations, mais nous leur demandons de divulguer comment ils utilisent les informations personnelles qui leur sont fournies par les visiteurs et les clients autoris\u00e9s. Certains de ces tiers peuvent \u00eatre des interm\u00e9diaires qui agissent uniquement comme maillons de la cha\u00eene de distribution et ne stockent, ne conservent ni n&#8217;utilisent les informations qui leur sont fournies.<\/p>\n<p><strong>Comment le site utilise-t-il les informations personnelles identifiables\u00a0?<\/strong><\/p>\n<p>Nous utilisons les informations personnellement identifiables pour personnaliser le site, proposer des offres de services appropri\u00e9es et r\u00e9pondre aux demandes d&#8217;achat et de vente sur le site. Nous pouvons envoyer des e-mails aux visiteurs et aux clients autoris\u00e9s concernant des opportunit\u00e9s de recherche ou d&#8217;achat et de vente sur le site ou des informations li\u00e9es \u00e0 l&#8217;objet du site. Nous pouvons \u00e9galement utiliser des informations personnelles identifiables pour contacter des visiteurs et des clients autoris\u00e9s en r\u00e9ponse \u00e0 des demandes sp\u00e9cifiques ou pour fournir les informations demand\u00e9es.<\/p>\n<p><strong>Avec qui les informations peuvent-elles \u00eatre partag\u00e9es\u00a0?<\/strong><\/p>\n<p>Les informations personnellement identifiables sur les clients autoris\u00e9s peuvent \u00eatre partag\u00e9es avec d&#8217;autres clients autoris\u00e9s qui souhaitent \u00e9valuer des transactions potentielles avec d&#8217;autres clients autoris\u00e9s. Nous pouvons partager des informations globales sur nos visiteurs, y compris les donn\u00e9es d\u00e9mographiques de nos visiteurs et clients autoris\u00e9s, avec nos agences affili\u00e9es et nos fournisseurs tiers. Nous offrons \u00e9galement la possibilit\u00e9 de \u00ab refuser \u00bb de recevoir des informations ou d&#8217;\u00eatre contact\u00e9 par nous ou par toute agence agissant en notre nom.<\/p>\n<p><strong>Comment les informations personnelles identifiables sont-elles stock\u00e9es\u00a0?<\/strong><\/p>\n<p>Les informations personnelles identifiables collect\u00e9es par Sup\u2019hair Coiff sont stock\u00e9es en toute s\u00e9curit\u00e9 et ne sont pas accessibles \u00e0 des tiers ou aux employ\u00e9s de Sup\u2019hair Coiff, sauf pour une utilisation comme indiqu\u00e9 ci-dessus.<\/p>\n<p><strong>Quels choix s\u2019offrent aux visiteurs concernant la collecte, l\u2019utilisation et la diffusion des informations ?<\/strong><\/p>\n<p>Les visiteurs et les clients autoris\u00e9s peuvent refuser de recevoir des informations non sollicit\u00e9es ou d&#8217;\u00eatre contact\u00e9s par nous et\/ou nos fournisseurs et agences affili\u00e9es en r\u00e9pondant aux e-mails comme indiqu\u00e9, ou en nous contactant \u00e0<\/p>\n<p>\u00a0<\/p>\n<p><strong>Biscuits<\/strong><\/p>\n<p>Un cookie est une cha\u00eene d\u2019informations qu\u2019un site Web stocke sur l\u2019ordinateur d\u2019un visiteur et que le navigateur du visiteur fournit au site Web \u00e0 chaque fois que le visiteur revient.<\/p>\n<p><strong>Des cookies sont-ils utilis\u00e9s sur le site ?<\/strong><\/p>\n<p>Les cookies sont utilis\u00e9s pour diverses raisons. Nous utilisons des cookies pour obtenir des informations sur les pr\u00e9f\u00e9rences de nos visiteurs et les services qu&#8217;ils s\u00e9lectionnent. Nous utilisons \u00e9galement des cookies \u00e0 des fins de s\u00e9curit\u00e9 pour prot\u00e9ger nos clients autoris\u00e9s. Par exemple, si un client autoris\u00e9 est connect\u00e9 et que le site reste inutilis\u00e9 pendant plus de 10 minutes, nous d\u00e9connecterons automatiquement le client autoris\u00e9. Les visiteurs qui ne souhaitent pas que des cookies soient plac\u00e9s sur leur ordinateur doivent configurer leur navigateur pour refuser les cookies avant d&#8217;utiliser https:\/\/ Sup&#8217;hair Coiff.com, avec l&#8217;inconv\u00e9nient que certaines fonctionnalit\u00e9s du site pourraient ne pas fonctionner correctement sans l&#8217;aide de cookies. .<\/p>\n<p><strong>Cookies utilis\u00e9s par nos prestataires<\/strong><\/p>\n<p>Nos prestataires de services utilisent des cookies et ces cookies peuvent \u00eatre stock\u00e9s sur votre ordinateur lorsque vous visitez notre site Web. Vous pouvez trouver plus de d\u00e9tails sur les cookies utilis\u00e9s sur notre page d&#8217;informations sur les cookies.<\/p>\n<p>\u00a0<\/p>\n<p><strong>Quels partenaires ou prestataires de services ont acc\u00e8s aux informations personnelles identifiables des visiteurs et\/ou clients autoris\u00e9s sur le site\u00a0?<\/strong><\/p>\n<p>\u00a0Sup\u2019hair Coiff a conclu et continuera de conclure des partenariats et autres affiliations avec un certain nombre de fournisseurs. Ces fournisseurs peuvent avoir acc\u00e8s \u00e0 certaines informations personnelles identifiables sur la base de la n\u00e9cessit\u00e9 de conna\u00eetre la base d&#8217;\u00e9valuation des clients autoris\u00e9s pour l&#8217;\u00e9ligibilit\u00e9 au service. Notre politique de confidentialit\u00e9 ne couvre pas leur collecte ou leur utilisation de ces informations. Divulgation d&#8217;informations personnelles identifiables pour se conformer \u00e0 la loi. Nous divulguerons des informations personnelles identifiables afin de nous conformer \u00e0 une ordonnance du tribunal, \u00e0 une assignation \u00e0 compara\u00eetre ou \u00e0 une demande d&#8217;un organisme charg\u00e9 de l&#8217;application de la loi de divulguer des informations. Nous divulguerons \u00e9galement des informations personnelles identifiables lorsque cela est raisonnablement n\u00e9cessaire pour prot\u00e9ger la s\u00e9curit\u00e9 de nos visiteurs et clients autoris\u00e9s.<\/p>\n<p><strong>Comment le site assure-t-il la s\u00e9curit\u00e9 des informations personnelles identifiables\u00a0?<\/strong><\/p>\n<p>Tous nos employ\u00e9s connaissent notre politique et nos pratiques de s\u00e9curit\u00e9. Les informations personnellement identifiables de nos visiteurs et clients autoris\u00e9s ne sont accessibles qu&#8217;\u00e0 un nombre limit\u00e9 d&#8217;employ\u00e9s qualifi\u00e9s qui re\u00e7oivent un mot de passe afin d&#8217;acc\u00e9der aux informations. Nous auditons r\u00e9guli\u00e8rement nos syst\u00e8mes et processus de s\u00e9curit\u00e9. Les informations sensibles, telles que les num\u00e9ros de carte de cr\u00e9dit ou les num\u00e9ros de s\u00e9curit\u00e9 sociale, sont prot\u00e9g\u00e9es par des protocoles de cryptage, mis en place pour prot\u00e9ger les informations envoy\u00e9es sur Internet. Bien que nous prenions des mesures commercialement raisonnables pour maintenir un site s\u00e9curis\u00e9, les communications \u00e9lectroniques et les bases de donn\u00e9es sont sujettes \u00e0 des erreurs, des falsifications et des effractions, et nous ne pouvons garantir que de tels \u00e9v\u00e9nements n&#8217;auront pas lieu et nous ne serons pas responsables envers les visiteurs ou Clients autoris\u00e9s pour de tels \u00e9v\u00e9nements.<\/p>\n<p><strong>Un visiteur peut-il supprimer ou d\u00e9sactiver les informations personnelles identifiables collect\u00e9es par le site\u00a0?<\/strong><\/p>\n<p>Nous fournissons aux visiteurs et aux clients autoris\u00e9s un m\u00e9canisme pour supprimer\/d\u00e9sactiver les informations personnelles identifiables de la base de donn\u00e9es du site en les contactant. Cependant, en raison des sauvegardes et des enregistrements de suppressions, il peut \u00eatre impossible de supprimer l\u2019entr\u00e9e d\u2019un visiteur sans conserver certaines informations r\u00e9siduelles. Une personne qui demande la d\u00e9sactivation des informations personnelles identifiables verra ces informations fonctionnellement supprim\u00e9es, et nous ne vendrons, transf\u00e9rerons ni n&#8217;utiliserons les informations personnelles identifiables relatives \u00e0 cette personne de quelque mani\u00e8re que ce soit \u00e0 l&#8217;avenir.<\/p>\n<p>\u00a0<\/p>\n<p><strong>Que se passe-t-il si la politique de confidentialit\u00e9 change\u00a0?<\/strong><\/p>\n<p>Nous informerons nos visiteurs et clients autoris\u00e9s des modifications apport\u00e9es \u00e0 notre politique de confidentialit\u00e9 en publiant ces modifications sur le site. Cependant, si nous modifions notre politique de confidentialit\u00e9 d&#8217;une mani\u00e8re qui pourrait entra\u00eener la divulgation d&#8217;informations personnelles identifiables qu&#8217;un visiteur ou un client autoris\u00e9 a pr\u00e9c\u00e9demment demand\u00e9 de ne pas divulguer, nous contacterons ce visiteur ou ce client autoris\u00e9 pour permettre \u00e0 ce visiteur ou \u00e0 ce client autoris\u00e9 d&#8217;emp\u00eacher une telle divulgation.<\/p>\n<p><strong>Liens:<\/strong><\/p>\n<h2>https:\/\/ Sup\u2019hair Coiff.com contient des liens vers d\u2019autres sites internet. Veuillez noter que lorsque vous cliquez sur l&#8217;un de ces liens, vous acc\u00e9dez \u00e0 un autre site Web. Nous vous encourageons \u00e0 lire les d\u00e9clarations de confidentialit\u00e9 de ces sites li\u00e9s car leurs politiques de confidentialit\u00e9 peuvent diff\u00e9rer des n\u00f4tres.<\/h2>\n","protected":false},"excerpt":{"rendered":"<p>Politique de confidentialit\u00e9 Date d&#8217;entr\u00e9e en vigueur \u2013 1er janvier 2024 Bienvenue sur https:\/\/ (le \u00ab Site \u00bb). Nous comprenons que la confidentialit\u00e9 en ligne est importante pour les utilisateurs de notre Site, en particulier lorsqu&#8217;ils font des affaires. Cette d\u00e9claration r\u00e9git nos politiques de confidentialit\u00e9 \u00e0 l&#8217;\u00e9gard des utilisateurs du Site (\u00ab\u00a0Visiteurs\u00a0\u00bb) qui visitent &hellip;<\/p>\n<p class=\"read-more\"> <a class=\"\" href=\"https:\/\/suphaircoiff.fr\/index.php\/privacy-policy-2\/\"> <span class=\"screen-reader-text\">Privacy Policy<\/span> Read More &raquo;<\/a><\/p>\n","protected":false},"author":1,"featured_media":0,"parent":0,"menu_order":0,"comment_status":"closed","ping_status":"closed","template":"elementor_header_footer","meta":{"site-sidebar-layout":"no-sidebar","site-content-layout":"","ast-site-content-layout":"full-width-container","site-content-style":"default","site-sidebar-style":"default","ast-global-header-display":"","ast-banner-title-visibility":"","ast-main-header-display":"","ast-hfb-above-header-display":"","ast-hfb-below-header-display":"","ast-hfb-mobile-header-display":"","site-post-title":"disabled","ast-breadcrumbs-content":"","ast-featured-img":"disabled","footer-sml-layout":"","theme-transparent-header-meta":"","adv-header-id-meta":"","stick-header-meta":"","header-above-stick-meta":"","header-main-stick-meta":"","header-below-stick-meta":"","astra-migrate-meta-layouts":"default","ast-page-background-enabled":"default","ast-page-background-meta":{"desktop":{"background-color":"var(--ast-global-color-4)","background-image":"","background-repeat":"repeat","background-position":"center center","background-size":"auto","background-attachment":"scroll","background-type":"","background-media":"","overlay-type":"","overlay-color":"","overlay-gradient":""},"tablet":{"background-color":"","background-image":"","background-repeat":"repeat","background-position":"center center","background-size":"auto","background-attachment":"scroll","background-type":"","background-media":"","overlay-type":"","overlay-color":"","overlay-gradient":""},"mobile":{"background-color":"","background-image":"","background-repeat":"repeat","background-position":"center center","background-size":"auto","background-attachment":"scroll","background-type":"","background-media":"","overlay-type":"","overlay-color":"","overlay-gradient":""}},"ast-content-background-meta":{"desktop":{"background-color":"var(--ast-global-color-5)","background-image":"","background-repeat":"repeat","background-position":"center center","background-size":"auto","background-attachment":"scroll","background-type":"","background-media":"","overlay-type":"","overlay-color":"","overlay-gradient":""},"tablet":{"background-color":"var(--ast-global-color-5)","background-image":"","background-repeat":"repeat","background-position":"center center","background-size":"auto","background-attachment":"scroll","background-type":"","background-media":"","overlay-type":"","overlay-color":"","overlay-gradient":""},"mobile":{"background-color":"var(--ast-global-color-5)","background-image":"","background-repeat":"repeat","background-position":"center center","background-size":"auto","background-attachment":"scroll","background-type":"","background-media":"","overlay-type":"","overlay-color":"","overlay-gradient":""}},"footnotes":""},"_links":{"self":[{"href":"https:\/\/suphaircoiff.fr\/index.php\/wp-json\/wp\/v2\/pages\/533"}],"collection":[{"href":"https:\/\/suphaircoiff.fr\/index.php\/wp-json\/wp\/v2\/pages"}],"about":[{"href":"https:\/\/suphaircoiff.fr\/index.php\/wp-json\/wp\/v2\/types\/page"}],"author":[{"embeddable":true,"href":"https:\/\/suphaircoiff.fr\/index.php\/wp-json\/wp\/v2\/users\/1"}],"replies":[{"embeddable":true,"href":"https:\/\/suphaircoiff.fr\/index.php\/wp-json\/wp\/v2\/comments?post=533"}],"version-history":[{"count":10,"href":"https:\/\/suphaircoiff.fr\/index.php\/wp-json\/wp\/v2\/pages\/533\/revisions"}],"predecessor-version":[{"id":655,"href":"https:\/\/suphaircoiff.fr\/index.php\/wp-json\/wp\/v2\/pages\/533\/revisions\/655"}],"wp:attachment":[{"href":"https:\/\/suphaircoiff.fr\/index.php\/wp-json\/wp\/v2\/media?parent=533"}],"curies":[{"name":"wp","href":"https:\/\/api.w.org\/{rel}","templated":true}]}}