{"id":890,"date":"2024-01-30T07:24:29","date_gmt":"2024-01-30T07:24:29","guid":{"rendered":"https:\/\/suphaircoiff.fr\/?page_id=890"},"modified":"2024-02-12T06:23:08","modified_gmt":"2024-02-12T06:23:08","slug":"coupe-femme","status":"publish","type":"page","link":"https:\/\/suphaircoiff.fr\/index.php\/coupe-femme\/","title":{"rendered":"Coupe Femme"},"content":{"rendered":"<style>\/*! elementor - v3.18.0 - 08-12-2023 *\/\n.elementor-widget-image{text-align:center}.elementor-widget-image a{display:inline-block}.elementor-widget-image a img[src$=\".svg\"]{width:48px}.elementor-widget-image img{vertical-align:middle;display:inline-block}<\/style>\n<p>\t\t\t\t\t\t\t\t\t\t\t\t<img loading=\"lazy\" decoding=\"async\" width=\"768\" height=\"768\" src=\"https:\/\/suphaircoiff.fr\/wp-content\/uploads\/2024\/02\/ghffthth.jpg\" alt=\"\" srcset=\"https:\/\/suphaircoiff.fr\/wp-content\/uploads\/2024\/02\/ghffthth.jpg 768w, https:\/\/suphaircoiff.fr\/wp-content\/uploads\/2024\/02\/ghffthth-300x300.jpg 300w, https:\/\/suphaircoiff.fr\/wp-content\/uploads\/2024\/02\/ghffthth-150x150.jpg 150w\" sizes=\"(max-width: 768px) 100vw, 768px\" \/>\t\t\t\t\t\t\t\t\t\t\t\t\t\t\t<\/p>\n<style>\/*! elementor - v3.18.0 - 08-12-2023 *\/\n.elementor-heading-title{padding:0;margin:0;line-height:1}.elementor-widget-heading .elementor-heading-title[class*=elementor-size-]>a{color:inherit;font-size:inherit;line-height:inherit}.elementor-widget-heading .elementor-heading-title.elementor-size-small{font-size:15px}.elementor-widget-heading .elementor-heading-title.elementor-size-medium{font-size:19px}.elementor-widget-heading .elementor-heading-title.elementor-size-large{font-size:29px}.elementor-widget-heading .elementor-heading-title.elementor-size-xl{font-size:39px}.elementor-widget-heading .elementor-heading-title.elementor-size-xxl{font-size:59px}<\/style>\n<h2>Vous \u00eates \u00e0 la recherche de la coupe de cheveux parfaite en Guadeloupe mais vous vous sentez d\u00e9pass\u00e9 par les innombrables options disponibles ?<\/h2>\n<p style=\"margin-top: 0cm;\">Avec tant de salons et de styles \u00e0 choisir, trouver la bonne coupe de cheveux peut \u00eatre une t\u00e2che d\u00e9courageante. Que vous soyez r\u00e9sident ou visiteur, il est important de savoir o\u00f9 aller pour une exp\u00e9rience de coupe de cheveux exceptionnelle.<\/p>\n<p style=\"margin-top: 0cm;\">Sup\u2019hair Coiff est le salon de coiffure de r\u00e9f\u00e9rence en Guadeloupe.<\/p>\n<p>Chez Sup\u2019hair Coiff, nous vous offrons une qualit\u00e9 de services, un accueil irr\u00e9prochable dans une ambiance alliant bien-\u00eatre et convivialit\u00e9.<\/p>\n<p>Dans nos deux salons, nous avons cr\u00e9\u00e9 un environnement relaxant qui vous met \u00e0 l\u2019aise d\u00e8s votre entr\u00e9e. Notre \u00e9quipe sera heureuse de vous accueillir afin de faire de votre passage chez nous un moment agr\u00e9able.<\/p>\n<p>Notre \u00e9quipe de professionnels est \u00e0 votre service pour prendre soin de vos cheveux et vous faire sentir belle !<\/p>\n<p>\t\t\t\t\t\t\t\t\t\t\t\t\t\t\t<img loading=\"lazy\" decoding=\"async\" width=\"714\" height=\"1024\" src=\"https:\/\/suphaircoiff.fr\/wp-content\/uploads\/2024\/02\/wew-714x1024.jpg\" alt=\"\" srcset=\"https:\/\/suphaircoiff.fr\/wp-content\/uploads\/2024\/02\/wew-714x1024.jpg 714w, https:\/\/suphaircoiff.fr\/wp-content\/uploads\/2024\/02\/wew-209x300.jpg 209w, https:\/\/suphaircoiff.fr\/wp-content\/uploads\/2024\/02\/wew-768x1102.jpg 768w, https:\/\/suphaircoiff.fr\/wp-content\/uploads\/2024\/02\/wew.jpg 776w\" sizes=\"(max-width: 714px) 100vw, 714px\" \/>\t\t\t\t\t\t\t\t\t\t\t\t\t\t\t<\/p>\n<h2>Pourquoi faire une nouvelle coupe de cheveux ?<br \/>\n<\/h2>\n<p>Faire une belle coupe de cheveux peut avoir de nombreux avantages, notamment :<\/p>\n<ul>\n<li><strong>Am\u00e9liorer l\u2019apparence<\/strong> : Une belle coupe de cheveux peut vous faire sentir plus confiant et aider dans votre estime de soi. Lorsque vous vous sentez bien dans votre apparence, cela peut se refl\u00e9ter dans votre attitude et votre comportement, vous donnant une \u00e9nergie positive. Si votre style actuel ne vous plait plus, prenez le temps de vous faire chouchouter pour trouver une coiffure.<\/li>\n<li><strong>Mettre en valeur les traits du visage<\/strong> : Une coupe de cheveux bien faite peut aider \u00e0 mettre en valeur vos traits du visage, ce qui peut rendre votre visage plus attrayant et plus sym\u00e9trique, une bonne mine. Le d\u00e9grad\u00e9 et la frange en sont le parfait exemple, il ne faut pas h\u00e9siter \u00e0 demander un avis coiffeur afin de vous sublimer.<\/li>\n<li><strong>Exprimer votre style personnel<\/strong> : Changer de t\u00eate rime souvent avec changer de coupe. \u00c9coutez votre envie de changer. Votre coupe de cheveux peut refl\u00e9ter votre personnalit\u00e9 et votre style personnel. En choisissant une coupe qui vous convient, vous pouvez exprimer votre individualit\u00e9 et votre cr\u00e9ativit\u00e9 que vous ayez les cheveux court, les cheveux mi-longs ou les cheveux longs ! Mais aussi que vous soyez brune, blonde, rousse, acajou, cendr\u00e9 ! Trouvez les derni\u00e8res tendances et votre style ou m\u00eame pour changer de look de coiffure gr\u00e2ce aux conseils personnalis\u00e9s de votre coiffeur ou coiffeuse styliste-visagiste.<\/li>\n<li><strong>Faciliter l\u2019entretien des cheveux<\/strong> : Une belle coupe de cheveux peut \u00eatre facile \u00e0 entretenir, ce qui peut vous faire gagner du temps et de l\u2019\u00e9nergie au quotidien. \u00c9viter de passer des heures \u00e0 les d\u00e9m\u00ealer, bien que vous ayez fait un soin, un masque ou un apr\u00e8s-shampoing nourrissant. Lorsque vos pointes sont abim\u00e9es, fourchues, d\u00e9shydrat\u00e9es, il est recommand\u00e9 d\u2019utiliser un spray cosm\u00e9tique sans le rincer pour fermer les \u00e9cailles de la fibre de votre chevelure.<\/li>\n<\/ul>\n<p>\t\t\t\t\t\t\t\t\t\t\t\t\t\t\t<img loading=\"lazy\" decoding=\"async\" width=\"768\" height=\"1024\" src=\"https:\/\/suphaircoiff.fr\/wp-content\/uploads\/2024\/02\/aqw-768x1024.jpg\" alt=\"\" srcset=\"https:\/\/suphaircoiff.fr\/wp-content\/uploads\/2024\/02\/aqw-768x1024.jpg 768w, https:\/\/suphaircoiff.fr\/wp-content\/uploads\/2024\/02\/aqw-225x300.jpg 225w, https:\/\/suphaircoiff.fr\/wp-content\/uploads\/2024\/02\/aqw-rotated.jpg 950w\" sizes=\"(max-width: 768px) 100vw, 768px\" \/>\t\t\t\t\t\t\t\t\t\t\t\t\t\t\t<\/p>\n<h2>Sup\u2019hair Coiff | Hommes | Femmes<\/h2>\n<p>\t\t\t<a href=\"#\"><br \/>\n\t\t\t\t<svg aria-hidden=\"true\" viewBox=\"0 0 448 512\" xmlns=\"http:\/\/www.w3.org\/2000\/svg\"><path d=\"M148 288h-40c-6.6 0-12-5.4-12-12v-40c0-6.6 5.4-12 12-12h40c6.6 0 12 5.4 12 12v40c0 6.6-5.4 12-12 12zm108-12v-40c0-6.6-5.4-12-12-12h-40c-6.6 0-12 5.4-12 12v40c0 6.6 5.4 12 12 12h40c6.6 0 12-5.4 12-12zm96 0v-40c0-6.6-5.4-12-12-12h-40c-6.6 0-12 5.4-12 12v40c0 6.6 5.4 12 12 12h40c6.6 0 12-5.4 12-12zm-96 96v-40c0-6.6-5.4-12-12-12h-40c-6.6 0-12 5.4-12 12v40c0 6.6 5.4 12 12 12h40c6.6 0 12-5.4 12-12zm-96 0v-40c0-6.6-5.4-12-12-12h-40c-6.6 0-12 5.4-12 12v40c0 6.6 5.4 12 12 12h40c6.6 0 12-5.4 12-12zm192 0v-40c0-6.6-5.4-12-12-12h-40c-6.6 0-12 5.4-12 12v40c0 6.6 5.4 12 12 12h40c6.6 0 12-5.4 12-12zm96-260v352c0 26.5-21.5 48-48 48H48c-26.5 0-48-21.5-48-48V112c0-26.5 21.5-48 48-48h48V12c0-6.6 5.4-12 12-12h40c6.6 0 12 5.4 12 12v52h128V12c0-6.6 5.4-12 12-12h40c6.6 0 12 5.4 12 12v52h48c26.5 0 48 21.5 48 48zm-48 346V160H48v298c0 3.3 2.7 6 6 6h340c3.3 0 6-2.7 6-6z\"><\/path><\/svg><br \/>\n\t\t\t\t\t\tPrendre rendez-vous 0590446743<br \/>\n\t\t\t\t\t<\/a><\/p>\n<h2>Salon de coiffure professionnel en Guadeloupe<\/h2>\n","protected":false},"excerpt":{"rendered":"<p>Vous \u00eates \u00e0 la recherche de la coupe de cheveux parfaite en Guadeloupe mais vous vous sentez d\u00e9pass\u00e9 par les innombrables options disponibles ? Avec tant de salons et de styles \u00e0 choisir, trouver la bonne coupe de cheveux peut \u00eatre une t\u00e2che d\u00e9courageante. Que vous soyez r\u00e9sident ou visiteur, il est important de savoir &hellip;<\/p>\n<p class=\"read-more\"> <a class=\"\" href=\"https:\/\/suphaircoiff.fr\/index.php\/coupe-femme\/\"> <span class=\"screen-reader-text\">Coupe Femme<\/span> Read More &raquo;<\/a><\/p>\n","protected":false},"author":1,"featured_media":0,"parent":0,"menu_order":0,"comment_status":"closed","ping_status":"closed","template":"","meta":{"site-sidebar-layout":"no-sidebar","site-content-layout":"","ast-site-content-layout":"full-width-container","site-content-style":"default","site-sidebar-style":"default","ast-global-header-display":"","ast-banner-title-visibility":"","ast-main-header-display":"","ast-hfb-above-header-display":"","ast-hfb-below-header-display":"","ast-hfb-mobile-header-display":"","site-post-title":"disabled","ast-breadcrumbs-content":"","ast-featured-img":"disabled","footer-sml-layout":"","theme-transparent-header-meta":"","adv-header-id-meta":"","stick-header-meta":"","header-above-stick-meta":"","header-main-stick-meta":"","header-below-stick-meta":"","astra-migrate-meta-layouts":"default","ast-page-background-enabled":"default","ast-page-background-meta":{"desktop":{"background-color":"var(--ast-global-color-4)","background-image":"","background-repeat":"repeat","background-position":"center center","background-size":"auto","background-attachment":"scroll","background-type":"","background-media":"","overlay-type":"","overlay-color":"","overlay-gradient":""},"tablet":{"background-color":"","background-image":"","background-repeat":"repeat","background-position":"center center","background-size":"auto","background-attachment":"scroll","background-type":"","background-media":"","overlay-type":"","overlay-color":"","overlay-gradient":""},"mobile":{"background-color":"","background-image":"","background-repeat":"repeat","background-position":"center center","background-size":"auto","background-attachment":"scroll","background-type":"","background-media":"","overlay-type":"","overlay-color":"","overlay-gradient":""}},"ast-content-background-meta":{"desktop":{"background-color":"var(--ast-global-color-5)","background-image":"","background-repeat":"repeat","background-position":"center center","background-size":"auto","background-attachment":"scroll","background-type":"","background-media":"","overlay-type":"","overlay-color":"","overlay-gradient":""},"tablet":{"background-color":"var(--ast-global-color-5)","background-image":"","background-repeat":"repeat","background-position":"center center","background-size":"auto","background-attachment":"scroll","background-type":"","background-media":"","overlay-type":"","overlay-color":"","overlay-gradient":""},"mobile":{"background-color":"var(--ast-global-color-5)","background-image":"","background-repeat":"repeat","background-position":"center center","background-size":"auto","background-attachment":"scroll","background-type":"","background-media":"","overlay-type":"","overlay-color":"","overlay-gradient":""}},"footnotes":""},"_links":{"self":[{"href":"https:\/\/suphaircoiff.fr\/index.php\/wp-json\/wp\/v2\/pages\/890"}],"collection":[{"href":"https:\/\/suphaircoiff.fr\/index.php\/wp-json\/wp\/v2\/pages"}],"about":[{"href":"https:\/\/suphaircoiff.fr\/index.php\/wp-json\/wp\/v2\/types\/page"}],"author":[{"embeddable":true,"href":"https:\/\/suphaircoiff.fr\/index.php\/wp-json\/wp\/v2\/users\/1"}],"replies":[{"embeddable":true,"href":"https:\/\/suphaircoiff.fr\/index.php\/wp-json\/wp\/v2\/comments?post=890"}],"version-history":[{"count":37,"href":"https:\/\/suphaircoiff.fr\/index.php\/wp-json\/wp\/v2\/pages\/890\/revisions"}],"predecessor-version":[{"id":1532,"href":"https:\/\/suphaircoiff.fr\/index.php\/wp-json\/wp\/v2\/pages\/890\/revisions\/1532"}],"wp:attachment":[{"href":"https:\/\/suphaircoiff.fr\/index.php\/wp-json\/wp\/v2\/media?parent=890"}],"curies":[{"name":"wp","href":"https:\/\/api.w.org\/{rel}","templated":true}]}}