{"id":954,"date":"2024-01-30T09:23:59","date_gmt":"2024-01-30T09:23:59","guid":{"rendered":"https:\/\/suphaircoiff.fr\/?page_id=954"},"modified":"2024-02-12T06:46:00","modified_gmt":"2024-02-12T06:46:00","slug":"lissage-permanent","status":"publish","type":"page","link":"https:\/\/suphaircoiff.fr\/index.php\/lissage-permanent\/","title":{"rendered":"Lissage permanent"},"content":{"rendered":"<style>\/*! elementor - v3.18.0 - 08-12-2023 *\/\n.elementor-heading-title{padding:0;margin:0;line-height:1}.elementor-widget-heading .elementor-heading-title[class*=elementor-size-]>a{color:inherit;font-size:inherit;line-height:inherit}.elementor-widget-heading .elementor-heading-title.elementor-size-small{font-size:15px}.elementor-widget-heading .elementor-heading-title.elementor-size-medium{font-size:19px}.elementor-widget-heading .elementor-heading-title.elementor-size-large{font-size:29px}.elementor-widget-heading .elementor-heading-title.elementor-size-xl{font-size:39px}.elementor-widget-heading .elementor-heading-title.elementor-size-xxl{font-size:59px}<\/style>\n<h2>Comment entretenir mes m\u00e8ches ou mon balayage ?<\/h2>\n<p>Le lissage br\u00e9silien est une technique de traitement capillaire qui vise \u00e0 lisser et \u00e0 assouplir les cheveux naturel ou color\u00e9s en utilisant une solution \u00e0 base de k\u00e9ratine.\u00a0<\/p>\n<p>Cette technique est tr\u00e8s populaire car elle peut rendre les cheveux plus lisses et disciplin\u00e9, plus doux et plus de brillance, avec un effet soyeux, tout en r\u00e9duisant les frisottis et en facilitant le coiffage.<\/p>\n<style>\/*! elementor - v3.18.0 - 08-12-2023 *\/\n.elementor-widget-image{text-align:center}.elementor-widget-image a{display:inline-block}.elementor-widget-image a img[src$=\".svg\"]{width:48px}.elementor-widget-image img{vertical-align:middle;display:inline-block}<\/style>\n<p>\t\t\t\t\t\t\t\t\t\t\t\t<img loading=\"lazy\" decoding=\"async\" width=\"491\" height=\"743\" src=\"https:\/\/suphaircoiff.fr\/wp-content\/uploads\/2024\/01\/p18.png\" alt=\"\" srcset=\"https:\/\/suphaircoiff.fr\/wp-content\/uploads\/2024\/01\/p18.png 491w, https:\/\/suphaircoiff.fr\/wp-content\/uploads\/2024\/01\/p18-198x300.png 198w\" sizes=\"(max-width: 491px) 100vw, 491px\" \/>\t\t\t\t\t\t\t\t\t\t\t\t\t\t\t<\/p>\n<p>Voil\u00e0 l\u2019un des secrets pour sublimer votre chevelure.<\/p>\n<p>Si vous \u00eates souvent aux prises avec des cheveux cr\u00e9pus et difficiles \u00e0 coiffer, le lissage br\u00e9silien pourrait \u00eatre la solution pour vous.\u00a0<\/p>\n<p>Le lissage br\u00e9silien est une technique de traitement capillaire originaire du Br\u00e9sil. Il est con\u00e7u pour lisser les cheveux, r\u00e9duire les frisottis et apporter de la brillance. Le traitement cible la couche externe du cheveu, appel\u00e9e cuticule, et utilise la k\u00e9ratine, une prot\u00e9ine naturellement pr\u00e9sente dans le cheveu, pour la r\u00e9parer et la prot\u00e9ger.<\/p>\n<p>Le lissage br\u00e9silien est une technique de traitement capillaire qui vise \u00e0 lisser et \u00e0 assouplir les cheveux naturel ou color\u00e9s en utilisant une solution \u00e0 base de k\u00e9ratine.\u00a0<\/p>\n<p>Cette technique est tr\u00e8s populaire car elle peut rendre les cheveux plus lisses et disciplin\u00e9, plus doux et plus de brillance, avec un effet soyeux, tout en r\u00e9duisant les frisottis et en facilitant le coiffage.<\/p>\n<h2>Pourquoi faire un lissage br\u00e9silien ?<\/h2>\n<p>Pourquoi devriez-vous envisager un traitement de lissage br\u00e9silien ?<\/p>\n<p>\t\t\t\t\t\t\t\t\t\t\t\t\t\t\t<img loading=\"lazy\" decoding=\"async\" width=\"687\" height=\"922\" src=\"https:\/\/suphaircoiff.fr\/wp-content\/uploads\/2024\/01\/p19.png\" alt=\"\" srcset=\"https:\/\/suphaircoiff.fr\/wp-content\/uploads\/2024\/01\/p19.png 687w, https:\/\/suphaircoiff.fr\/wp-content\/uploads\/2024\/01\/p19-224x300.png 224w\" sizes=\"(max-width: 687px) 100vw, 687px\" \/>\t\t\t\t\t\t\t\t\t\t\t\t\t\t\t<\/p>\n<p><strong>La maniabilit\u00e9 :<\/strong>\u00a0L\u2019un des principaux avantages du lissage br\u00e9silien est l\u2019am\u00e9lioration de la maniabilit\u00e9 de vos cheveux. Si vous avez des cheveux naturellement boucl\u00e9s ou ondul\u00e9s, vous savez \u00e0 quel point il est difficile de les dompter au quotidien. Avec un traitement de lissage br\u00e9silien, vous pouvez dire adieu aux heures interminables pass\u00e9es \u00e0 lisser ou \u00e0 coiffer vos cheveux. Vous obtiendrez des cheveux lisses et faciles \u00e0 entretenir.<\/p>\n<p><strong>R\u00e9duction des frisottis<\/strong> : Les frisottis peuvent \u00eatre un combat permanent, en particulier pour les personnes vivant dans des climats humides. Les traitements de lissage br\u00e9silien utilisent une solution de k\u00e9ratine sp\u00e9cialement formul\u00e9e qui impr\u00e8gne la tige du cheveu, remplissant les espaces et scellant la cuticule.<\/p>\n<p><strong>R\u00e9paration des dommages<\/strong> : Au fil du temps, nos cheveux peuvent \u00eatre ab\u00eem\u00e9s par divers facteurs, tels que le coiffage \u00e0 la chaleur, les traitements chimiques et les agressions ext\u00e9rieures. Les traitements de lissage br\u00e9silien aident \u00e0 restaurer et \u00e0 r\u00e9parer les cheveux ab\u00eem\u00e9s en leur apportant de la k\u00e9ratine et d\u2019autres ingr\u00e9dients nourrissants.<\/p>\n<p>\u00a0<\/p>\n<p><strong>Un gain de temps<\/strong> : Si vous \u00eates tr\u00e8s occup\u00e9e et que vous n\u2019avez pas beaucoup de temps \u00e0 consacrer \u00e0 la coiffure, un traitement de lissage br\u00e9silien peut changer la donne. Avec des cheveux liss\u00e9s, vous pouvez simplement les laver et partir, ou les coiffer rapidement avec un minimum d\u2019effort.<\/p>\n<p>\t\t\t\t\t\t\t\t\t\t\t\t\t\t\t<img loading=\"lazy\" decoding=\"async\" width=\"768\" height=\"1024\" src=\"https:\/\/suphaircoiff.fr\/wp-content\/uploads\/2024\/02\/aqw-768x1024.jpg\" alt=\"\" srcset=\"https:\/\/suphaircoiff.fr\/wp-content\/uploads\/2024\/02\/aqw-768x1024.jpg 768w, https:\/\/suphaircoiff.fr\/wp-content\/uploads\/2024\/02\/aqw-225x300.jpg 225w, https:\/\/suphaircoiff.fr\/wp-content\/uploads\/2024\/02\/aqw-rotated.jpg 950w\" sizes=\"(max-width: 768px) 100vw, 768px\" \/>\t\t\t\t\t\t\t\t\t\t\t\t\t\t\t<\/p>\n<h2>Sup\u2019hair Coiff | Hommes | Femmes<\/h2>\n<p>\t\t\t<a href=\"#\"><br \/>\n\t\t\t\t<svg aria-hidden=\"true\" viewBox=\"0 0 448 512\" xmlns=\"http:\/\/www.w3.org\/2000\/svg\"><path d=\"M148 288h-40c-6.6 0-12-5.4-12-12v-40c0-6.6 5.4-12 12-12h40c6.6 0 12 5.4 12 12v40c0 6.6-5.4 12-12 12zm108-12v-40c0-6.6-5.4-12-12-12h-40c-6.6 0-12 5.4-12 12v40c0 6.6 5.4 12 12 12h40c6.6 0 12-5.4 12-12zm96 0v-40c0-6.6-5.4-12-12-12h-40c-6.6 0-12 5.4-12 12v40c0 6.6 5.4 12 12 12h40c6.6 0 12-5.4 12-12zm-96 96v-40c0-6.6-5.4-12-12-12h-40c-6.6 0-12 5.4-12 12v40c0 6.6 5.4 12 12 12h40c6.6 0 12-5.4 12-12zm-96 0v-40c0-6.6-5.4-12-12-12h-40c-6.6 0-12 5.4-12 12v40c0 6.6 5.4 12 12 12h40c6.6 0 12-5.4 12-12zm192 0v-40c0-6.6-5.4-12-12-12h-40c-6.6 0-12 5.4-12 12v40c0 6.6 5.4 12 12 12h40c6.6 0 12-5.4 12-12zm96-260v352c0 26.5-21.5 48-48 48H48c-26.5 0-48-21.5-48-48V112c0-26.5 21.5-48 48-48h48V12c0-6.6 5.4-12 12-12h40c6.6 0 12 5.4 12 12v52h128V12c0-6.6 5.4-12 12-12h40c6.6 0 12 5.4 12 12v52h48c26.5 0 48 21.5 48 48zm-48 346V160H48v298c0 3.3 2.7 6 6 6h340c3.3 0 6-2.7 6-6z\"><\/path><\/svg><br \/>\n\t\t\t\t\t\tPrendre rendez-vous 0590446743<br \/>\n\t\t\t\t\t<\/a><\/p>\n<h2>Salon de coiffure professionnel en Guadeloupe<\/h2>\n","protected":false},"excerpt":{"rendered":"<p>Comment entretenir mes m\u00e8ches ou mon balayage ? Le lissage br\u00e9silien est une technique de traitement capillaire qui vise \u00e0 lisser et \u00e0 assouplir les cheveux naturel ou color\u00e9s en utilisant une solution \u00e0 base de k\u00e9ratine.\u00a0 Cette technique est tr\u00e8s populaire car elle peut rendre les cheveux plus lisses et disciplin\u00e9, plus doux et &hellip;<\/p>\n<p class=\"read-more\"> <a class=\"\" href=\"https:\/\/suphaircoiff.fr\/index.php\/lissage-permanent\/\"> <span class=\"screen-reader-text\">Lissage permanent<\/span> Read More &raquo;<\/a><\/p>\n","protected":false},"author":1,"featured_media":0,"parent":0,"menu_order":0,"comment_status":"closed","ping_status":"closed","template":"","meta":{"site-sidebar-layout":"no-sidebar","site-content-layout":"","ast-site-content-layout":"full-width-container","site-content-style":"default","site-sidebar-style":"default","ast-global-header-display":"","ast-banner-title-visibility":"","ast-main-header-display":"","ast-hfb-above-header-display":"","ast-hfb-below-header-display":"","ast-hfb-mobile-header-display":"","site-post-title":"disabled","ast-breadcrumbs-content":"","ast-featured-img":"disabled","footer-sml-layout":"","theme-transparent-header-meta":"","adv-header-id-meta":"","stick-header-meta":"","header-above-stick-meta":"","header-main-stick-meta":"","header-below-stick-meta":"","astra-migrate-meta-layouts":"default","ast-page-background-enabled":"default","ast-page-background-meta":{"desktop":{"background-color":"var(--ast-global-color-4)","background-image":"","background-repeat":"repeat","background-position":"center center","background-size":"auto","background-attachment":"scroll","background-type":"","background-media":"","overlay-type":"","overlay-color":"","overlay-gradient":""},"tablet":{"background-color":"","background-image":"","background-repeat":"repeat","background-position":"center center","background-size":"auto","background-attachment":"scroll","background-type":"","background-media":"","overlay-type":"","overlay-color":"","overlay-gradient":""},"mobile":{"background-color":"","background-image":"","background-repeat":"repeat","background-position":"center center","background-size":"auto","background-attachment":"scroll","background-type":"","background-media":"","overlay-type":"","overlay-color":"","overlay-gradient":""}},"ast-content-background-meta":{"desktop":{"background-color":"var(--ast-global-color-5)","background-image":"","background-repeat":"repeat","background-position":"center center","background-size":"auto","background-attachment":"scroll","background-type":"","background-media":"","overlay-type":"","overlay-color":"","overlay-gradient":""},"tablet":{"background-color":"var(--ast-global-color-5)","background-image":"","background-repeat":"repeat","background-position":"center center","background-size":"auto","background-attachment":"scroll","background-type":"","background-media":"","overlay-type":"","overlay-color":"","overlay-gradient":""},"mobile":{"background-color":"var(--ast-global-color-5)","background-image":"","background-repeat":"repeat","background-position":"center center","background-size":"auto","background-attachment":"scroll","background-type":"","background-media":"","overlay-type":"","overlay-color":"","overlay-gradient":""}},"footnotes":""},"_links":{"self":[{"href":"https:\/\/suphaircoiff.fr\/index.php\/wp-json\/wp\/v2\/pages\/954"}],"collection":[{"href":"https:\/\/suphaircoiff.fr\/index.php\/wp-json\/wp\/v2\/pages"}],"about":[{"href":"https:\/\/suphaircoiff.fr\/index.php\/wp-json\/wp\/v2\/types\/page"}],"author":[{"embeddable":true,"href":"https:\/\/suphaircoiff.fr\/index.php\/wp-json\/wp\/v2\/users\/1"}],"replies":[{"embeddable":true,"href":"https:\/\/suphaircoiff.fr\/index.php\/wp-json\/wp\/v2\/comments?post=954"}],"version-history":[{"count":49,"href":"https:\/\/suphaircoiff.fr\/index.php\/wp-json\/wp\/v2\/pages\/954\/revisions"}],"predecessor-version":[{"id":1588,"href":"https:\/\/suphaircoiff.fr\/index.php\/wp-json\/wp\/v2\/pages\/954\/revisions\/1588"}],"wp:attachment":[{"href":"https:\/\/suphaircoiff.fr\/index.php\/wp-json\/wp\/v2\/media?parent=954"}],"curies":[{"name":"wp","href":"https:\/\/api.w.org\/{rel}","templated":true}]}}