{"id":975,"date":"2024-01-30T09:45:10","date_gmt":"2024-01-30T09:45:10","guid":{"rendered":"https:\/\/suphaircoiff.fr\/?page_id=975"},"modified":"2024-02-12T06:54:15","modified_gmt":"2024-02-12T06:54:15","slug":"soin-cheveux","status":"publish","type":"page","link":"https:\/\/suphaircoiff.fr\/index.php\/soin-cheveux\/","title":{"rendered":"Soin cheveux"},"content":{"rendered":"<p>Les soins capillaires sont une partie essentielle de notre routine de soins personnels. Cependant, avec le nombre de salons de coiffure et de traitements disponibles, il peut \u00eatre difficile de choisir la meilleure option pour vos cheveux. Nous avons tous connu des journ\u00e9es difficiles ou des visites d\u00e9cevantes au salon de coiffure qui nous ont laiss\u00e9 un sentiment de frustration.<\/p>\n<p>Si vous recherchez des services professionnels de soins capillaires en Guadeloupe, Sup\u2019hair Coiff est l\u2019endroit id\u00e9al pour tous vos besoins capillaires. Leur \u00e9quipe de stylistes exp\u00e9riment\u00e9s et leurs produits haut de gamme vous garantissent les meilleurs soins et vous permettent d\u2019atteindre vos objectifs capillaires.<\/p>\n<p>Vous en avez assez de vous battre avec vos cheveux et de ne pas obtenir les r\u00e9sultats que vous souhaitez ?<\/p>\n<p>Trouver la bonne routine de soins capillaires peut \u00eatre un d\u00e9fi, mais Sup\u2019hair Coiff est l\u00e0 pour vous faciliter la t\u00e2che.<\/p>\n<p>Que vous soyez \u00e0 la recherche d\u2019une coupe de cheveux, d\u2019un traitement de couleur ou d\u2019une transformation compl\u00e8te de votre chevelure, Sup\u2019hair Coiff a tout ce qu\u2019il vous faut.<\/p>\n<p>Pr\u00e9parez-vous \u00e0 dire adieu aux probl\u00e8mes capillaires et bonjour \u00e0 de fabuleuses m\u00e8ches avec Sup\u2019hair Coiff.<\/p>\n<style>\/*! elementor - v3.18.0 - 08-12-2023 *\/\n.elementor-widget-image{text-align:center}.elementor-widget-image a{display:inline-block}.elementor-widget-image a img[src$=\".svg\"]{width:48px}.elementor-widget-image img{vertical-align:middle;display:inline-block}<\/style>\n<p>\t\t\t\t\t\t\t\t\t\t\t\t<img loading=\"lazy\" decoding=\"async\" width=\"880\" height=\"880\" src=\"https:\/\/suphaircoiff.fr\/wp-content\/uploads\/2024\/01\/p20.jpg\" alt=\"\" srcset=\"https:\/\/suphaircoiff.fr\/wp-content\/uploads\/2024\/01\/p20.jpg 880w, https:\/\/suphaircoiff.fr\/wp-content\/uploads\/2024\/01\/p20-300x300.jpg 300w, https:\/\/suphaircoiff.fr\/wp-content\/uploads\/2024\/01\/p20-150x150.jpg 150w, https:\/\/suphaircoiff.fr\/wp-content\/uploads\/2024\/01\/p20-768x768.jpg 768w\" sizes=\"(max-width: 880px) 100vw, 880px\" \/>\t\t\t\t\t\t\t\t\t\t\t\t\t\t\t<\/p>\n<style>\/*! elementor - v3.18.0 - 08-12-2023 *\/\n.elementor-heading-title{padding:0;margin:0;line-height:1}.elementor-widget-heading .elementor-heading-title[class*=elementor-size-]>a{color:inherit;font-size:inherit;line-height:inherit}.elementor-widget-heading .elementor-heading-title.elementor-size-small{font-size:15px}.elementor-widget-heading .elementor-heading-title.elementor-size-medium{font-size:19px}.elementor-widget-heading .elementor-heading-title.elementor-size-large{font-size:29px}.elementor-widget-heading .elementor-heading-title.elementor-size-xl{font-size:39px}.elementor-widget-heading .elementor-heading-title.elementor-size-xxl{font-size:59px}<\/style>\n<h2>Quels sont les b\u00e9n\u00e9fices d\u2019un soin capillaire ?<\/h2>\n<p><strong>Fortifier des cheveux endommag\u00e9s, r\u00e9parer les pointes fourchues et abim\u00e9es<\/strong> : Les soins capillaires peuvent aider \u00e0 r\u00e9parer les dommages caus\u00e9s par les agressions ext\u00e9rieures ainsi que les couleurs, balayages, et d\u00e9colorations. La chaleur du s\u00e8che-cheveux et du fer \u00e0 lisser, la pollution et d\u2019autres facteurs environnementaux sont aussi parfois en cause. Un soin capillaire peut aider \u00e0 restaurer l\u2019hydratation des cheveux, leur donner de la brillance et am\u00e9liorer la texture de vos cheveux.<\/p>\n<p><strong>R\u00e9duction des frisottis<\/strong> : Les personnes aux cheveux boucl\u00e9s, ondul\u00e9s ou fris\u00e9s peuvent b\u00e9n\u00e9ficier de ce traitement car il aide \u00e0 r\u00e9duire les frisottis pour obtenir un r\u00e9sultat plus lisse, soyeux, brillant, sublim\u00e9.<\/p>\n<p><strong>Protection contre les futurs dommages<\/strong> : Les traitements capillaires peuvent vous aider \u00e0 prot\u00e9ger vos cheveux contre les agressions en cr\u00e9ant une barri\u00e8re protectrice autour de chaque m\u00e8che de cheveux. Vous pouvez donc vous coiffer comme bon vous semble ! Brushing wavy, cheveux ondul\u00e9s, raides, lisses, volumineux ? Faites comme vous le souhaitez.<\/p>\n<p><strong>Effet durable<\/strong> : Les effets du traitement peuvent durer jusqu\u2019\u00e0 plusieurs semaines, ce qui signifie que vous pouvez profiter des avantages pendant une p\u00e9riode prolong\u00e9e.<\/p>\n<p>\t\t\t\t\t\t\t\t\t\t\t\t\t\t\t<img loading=\"lazy\" decoding=\"async\" width=\"768\" height=\"1024\" src=\"https:\/\/suphaircoiff.fr\/wp-content\/uploads\/2024\/02\/aqw-1-768x1024.jpg\" alt=\"\" srcset=\"https:\/\/suphaircoiff.fr\/wp-content\/uploads\/2024\/02\/aqw-1-768x1024.jpg 768w, https:\/\/suphaircoiff.fr\/wp-content\/uploads\/2024\/02\/aqw-1-225x300.jpg 225w, https:\/\/suphaircoiff.fr\/wp-content\/uploads\/2024\/02\/aqw-1-rotated.jpg 950w\" sizes=\"(max-width: 768px) 100vw, 768px\" \/>\t\t\t\t\t\t\t\t\t\t\t\t\t\t\t<\/p>\n<h2>Sup\u2019hair Coiff | Hommes | Femmes<\/h2>\n<p>\t\t\t<a href=\"#\"><br \/>\n\t\t\t\t<svg aria-hidden=\"true\" viewBox=\"0 0 448 512\" xmlns=\"http:\/\/www.w3.org\/2000\/svg\"><path d=\"M148 288h-40c-6.6 0-12-5.4-12-12v-40c0-6.6 5.4-12 12-12h40c6.6 0 12 5.4 12 12v40c0 6.6-5.4 12-12 12zm108-12v-40c0-6.6-5.4-12-12-12h-40c-6.6 0-12 5.4-12 12v40c0 6.6 5.4 12 12 12h40c6.6 0 12-5.4 12-12zm96 0v-40c0-6.6-5.4-12-12-12h-40c-6.6 0-12 5.4-12 12v40c0 6.6 5.4 12 12 12h40c6.6 0 12-5.4 12-12zm-96 96v-40c0-6.6-5.4-12-12-12h-40c-6.6 0-12 5.4-12 12v40c0 6.6 5.4 12 12 12h40c6.6 0 12-5.4 12-12zm-96 0v-40c0-6.6-5.4-12-12-12h-40c-6.6 0-12 5.4-12 12v40c0 6.6 5.4 12 12 12h40c6.6 0 12-5.4 12-12zm192 0v-40c0-6.6-5.4-12-12-12h-40c-6.6 0-12 5.4-12 12v40c0 6.6 5.4 12 12 12h40c6.6 0 12-5.4 12-12zm96-260v352c0 26.5-21.5 48-48 48H48c-26.5 0-48-21.5-48-48V112c0-26.5 21.5-48 48-48h48V12c0-6.6 5.4-12 12-12h40c6.6 0 12 5.4 12 12v52h128V12c0-6.6 5.4-12 12-12h40c6.6 0 12 5.4 12 12v52h48c26.5 0 48 21.5 48 48zm-48 346V160H48v298c0 3.3 2.7 6 6 6h340c3.3 0 6-2.7 6-6z\"><\/path><\/svg><br \/>\n\t\t\t\t\t\tPrendre rendez-vous 0590446743<br \/>\n\t\t\t\t\t<\/a><\/p>\n<h2>Salon de coiffure professionnel en Guadeloupe<\/h2>\n","protected":false},"excerpt":{"rendered":"<p>Les soins capillaires sont une partie essentielle de notre routine de soins personnels. Cependant, avec le nombre de salons de coiffure et de traitements disponibles, il peut \u00eatre difficile de choisir la meilleure option pour vos cheveux. Nous avons tous connu des journ\u00e9es difficiles ou des visites d\u00e9cevantes au salon de coiffure qui nous ont &hellip;<\/p>\n<p class=\"read-more\"> <a class=\"\" href=\"https:\/\/suphaircoiff.fr\/index.php\/soin-cheveux\/\"> <span class=\"screen-reader-text\">Soin cheveux<\/span> Read More &raquo;<\/a><\/p>\n","protected":false},"author":1,"featured_media":0,"parent":0,"menu_order":0,"comment_status":"closed","ping_status":"closed","template":"","meta":{"site-sidebar-layout":"no-sidebar","site-content-layout":"","ast-site-content-layout":"full-width-container","site-content-style":"default","site-sidebar-style":"default","ast-global-header-display":"","ast-banner-title-visibility":"","ast-main-header-display":"","ast-hfb-above-header-display":"","ast-hfb-below-header-display":"","ast-hfb-mobile-header-display":"","site-post-title":"disabled","ast-breadcrumbs-content":"","ast-featured-img":"disabled","footer-sml-layout":"","theme-transparent-header-meta":"","adv-header-id-meta":"","stick-header-meta":"","header-above-stick-meta":"","header-main-stick-meta":"","header-below-stick-meta":"","astra-migrate-meta-layouts":"default","ast-page-background-enabled":"default","ast-page-background-meta":{"desktop":{"background-color":"var(--ast-global-color-4)","background-image":"","background-repeat":"repeat","background-position":"center center","background-size":"auto","background-attachment":"scroll","background-type":"","background-media":"","overlay-type":"","overlay-color":"","overlay-gradient":""},"tablet":{"background-color":"","background-image":"","background-repeat":"repeat","background-position":"center center","background-size":"auto","background-attachment":"scroll","background-type":"","background-media":"","overlay-type":"","overlay-color":"","overlay-gradient":""},"mobile":{"background-color":"","background-image":"","background-repeat":"repeat","background-position":"center center","background-size":"auto","background-attachment":"scroll","background-type":"","background-media":"","overlay-type":"","overlay-color":"","overlay-gradient":""}},"ast-content-background-meta":{"desktop":{"background-color":"var(--ast-global-color-5)","background-image":"","background-repeat":"repeat","background-position":"center center","background-size":"auto","background-attachment":"scroll","background-type":"","background-media":"","overlay-type":"","overlay-color":"","overlay-gradient":""},"tablet":{"background-color":"var(--ast-global-color-5)","background-image":"","background-repeat":"repeat","background-position":"center center","background-size":"auto","background-attachment":"scroll","background-type":"","background-media":"","overlay-type":"","overlay-color":"","overlay-gradient":""},"mobile":{"background-color":"var(--ast-global-color-5)","background-image":"","background-repeat":"repeat","background-position":"center center","background-size":"auto","background-attachment":"scroll","background-type":"","background-media":"","overlay-type":"","overlay-color":"","overlay-gradient":""}},"footnotes":""},"_links":{"self":[{"href":"https:\/\/suphaircoiff.fr\/index.php\/wp-json\/wp\/v2\/pages\/975"}],"collection":[{"href":"https:\/\/suphaircoiff.fr\/index.php\/wp-json\/wp\/v2\/pages"}],"about":[{"href":"https:\/\/suphaircoiff.fr\/index.php\/wp-json\/wp\/v2\/types\/page"}],"author":[{"embeddable":true,"href":"https:\/\/suphaircoiff.fr\/index.php\/wp-json\/wp\/v2\/users\/1"}],"replies":[{"embeddable":true,"href":"https:\/\/suphaircoiff.fr\/index.php\/wp-json\/wp\/v2\/comments?post=975"}],"version-history":[{"count":37,"href":"https:\/\/suphaircoiff.fr\/index.php\/wp-json\/wp\/v2\/pages\/975\/revisions"}],"predecessor-version":[{"id":1606,"href":"https:\/\/suphaircoiff.fr\/index.php\/wp-json\/wp\/v2\/pages\/975\/revisions\/1606"}],"wp:attachment":[{"href":"https:\/\/suphaircoiff.fr\/index.php\/wp-json\/wp\/v2\/media?parent=975"}],"curies":[{"name":"wp","href":"https:\/\/api.w.org\/{rel}","templated":true}]}}